at is 110100001011111 + -1000011?
110100000011100
In base 13, what is 7 + 474c?
4756
In base 7, what is 1060 + 15114?
16204
In base 10, what is -35 - 21097?
-21132
In base 10, what is -73 + -1082?
-1155
In base 9, what is -1266404 - -3?
-1266401
In base 3, what is -102 + 1220011222?
1220011120
In base 6, what is -1 - 334013?
-334014
In base 7, what is 200241 + -11?
200230
In base 12, what is 5 + -10875?
-10870
In base 6, what is 2 - -20400?
20402
In base 16, what is -6a + -153?
-1bd
In base 4, what is 201200 - -201?
202001
In base 10, what is -6931 - 76?
-7007
In base 5, what is 4401 + -202?
4144
In base 4, what is 101011 - -231?
101302
In base 14, what is 5d - -10d?
16c
In base 14, what is -da + -d7?
-1d3
In base 2, what is -10100101110100 + -101?
-10100101111001
In base 13, what is 230b5 - -5?
230ba
In base 5, what is 130111 + 2141?
132302
In base 6, what is -1050 + 1050?
0
In base 2, what is 10 - -1010101100111111?
1010101101000001
In base 7, what is 53630 - -5?
53635
In base 8, what is 531111 - 0?
531111
In base 15, what is -1db0 + 48?
-1d67
In base 16, what is bd8b - -2?
bd8d
In base 5, what is 114422012 + 0?
114422012
In base 12, what is 6 + 1575?
157b
In base 9, what is -162 + -366?
-538
In base 15, what is -12a - -58?
-c2
In base 4, what is -20023 - -132?
-13231
In base 13, what is -35 + -392a?
-3962
In base 4, what is 13123201 - 3?
13123132
In base 5, what is -3221 - -30230?
22004
In base 13, what is -4b - 115?
-163
In base 11, what is -5 + -8083?
-8088
In base 6, what is -4 - -21253?
21245
In base 7, what is -64154 + 3?
-64151
In base 3, what is -1102100 + 1021?
-1101002
In base 15, what is -1671 - 3b?
-16ac
In base 10, what is -60 + -429?
-489
In base 5, what is -422000 + -211?
-422211
In base 7, what is -4 - -251551?
251544
In base 2, what is -10100100110110000 + -101?
-10100100110110101
In base 3, what is -1002121222021 - -11?
-1002121222010
In base 9, what is 2832 + 1208?
4141
In base 3, what is -211010 - -101?
-210202
In base 16, what is 558d - -4?
5591
In base 16, what is -31c9a - 1?
-31c9b
In base 11, what is -3 + 21579?
21576
In base 16, what is 13 + 13f?
152
In base 9, what is -2167 + 227?
-1840
In base 9, what is 5142 - 24?
5117
In base 9, what is -35 + 4087?
4052
In base 5, what is -3 + -4411203?
-4411211
In base 7, what is -11156 + 1?
-11155
In base 3, what is 1211111 + -1212?
1202122
In base 7, what is 121261 + -5?
121253
In base 12, what is 3 - -2944b?
29452
In base 2, what is 1000101 - 110111?
1110
In base 14, what is 1549 + -132?
1417
In base 15, what is -6ca + -1?
-6cb
In base 15, what is -22be + -117?
-23d6
In base 10, what is -5 - -2098?
2093
In base 7, what is -2205 + 1000?
-1205
In base 10, what is 20025 + -3?
20022
In base 12, what is a + 4266b?
42679
In base 13, what is cb7 + c4?
10ab
In base 5, what is -10 - -11212444?
11212434
In base 14, what is 677c - 0?
677c
In base 2, what is 11100100 - 111011100?
-11111000
In base 4, what is -12020 - 21010?
-33030
In base 8, what is 2 - 40260?
-40256
In base 3, what is -21 + 1022?
1001
In base 7, what is -3153504 - -4?
-3153500
In base 2, what is -1010011000 + 110000111?
-100010001
In base 12, what is 148 - -ab5?
1041
In base 5, what is 2302 + 20013?
22320
In base 9, what is 4 - -17685?
17700
In base 14, what is 12 - 18805?
-187d3
In base 4, what is -233 + 21?
-212
In base 13, what is 5 + 7967a?
79682
In base 10, what is -143 - -264?
121
In base 14, what is 3c09 + -5?
3c04
In base 13, what is -a78b + 115?
-a676
In base 2, what is -100110010000111101 + -10?
-100110010000111111
In base 3, what is -100220 + 1222211?
1121221
In base 2, what is -110101110011101 - 10111?
-110101110110100
In base 8, what is -452007 + -55?
-452064
In base 10, what is -70524 + -6?
-70530
In base 7, what is -534524 + 0?
-534524
In base 3, what is -1201 - -100?
-1101
In base 14, what is -a - 3?
-d
In base 6, what is 54440 + -35?
54401
In base 8, what is -4474 - -621?
-3653
In base 15, what is -2 - -14e41?
14e3e
In base 12, what is -2075 - 11?
-2086
In base 7, what is -1030463 - 2?
-1030465
In base 3, what is -221 + -1?
-222
In base 9, what is 2 - -3386?
3388
In base 3, what is -1020 + 110120?
102100
In base 6, what is -245 + 14442?
14153
In base 10, what is -369025 + 5?
-369020
In base 7, what is -233614 - 4?
-233621
In base 7, what is -6063223 + 4?
-6063216
In base 10, what is 2 - -7021?
7023
In base 16, what is -2b6 + 69d?
3e7
In base 16, what is 3 - 36bd?
-36ba
In base 13, what is -9 + 6b3?
6a7
In base 16, what is -2b3bc4 - 4?
-2b3bc8
In base 3, what is 10 + 12200120212?
12200120222
In base 4, what is -2213 - 100321?
-103200
In base 2, what is 1011110 - -10111011?
100011001
In base 9, what is 10 + -102?
-82
In base 5, what is 224334 + 4?
224343
In base 4, what is -3112 + 10132?
1020
In base 15, what is -2 + -e58d0?
-e58d2
In base 14, what is -11 + 1d63?
1d52
In base 12, what is 26b6 - -4?
26ba
In base 6, what is -4551551 + 3?
-4551544
In base 11, what is -344 + -3385?
-3719
In base 9, what is 416102 + 5?
416107
In base 3, what is 1000 - -11221200?
11222200
In base 4, what is 3 + -3100200?
-3100131
In base 16, what is 38fe + -2?
38fc
In base 8, what is 5 + 1675225?
1675232
In base 15, what is -2 + 147a98?
147a96
In base 5, what is -13431 - 14213?
-33144
In base 15, what is 11 - -1872?
1883
In base 16, what is -1 + 9a5f?
9a5e
In base 9, what is 14347 + 5?
14353
In base 15, what is -5 - 2332?
-2337
In base 10, what is 2977 - -6?
2983
In base 15, what is 1 + 264c?
264d
In base 7, what is 2 + -1244153?
-1244151
In base 13, what is 112 + -77?
68
In base 6, what is 12 - 25433?
-25421
In base 2, what is -1000000101111 + -1?
-1000000110000
In base 7, what is 310 - -3306?
3616
In base 4, what is -111212031 + 2?
-111212023
In base 8, what is -1 + 15765?
15764
In base 16, what is 1a + 4ce?
4e8
In base 9, what is 12 - -475601?
475613
In base 2, what is 1000110 - -1100100000010?
1100101001000
In base 12, what is -10 + 88a7?
8897
In base 7, what is 141166 + 16?
141215
In base 13, what is -2001b + 32?
-1ccb9
In base 4, what is -210 + -3223?
-10033
In base 13, what is -1167 - -3a?
-112a
In base 6, what is 405533 - 1?
405532
In base 11, what is 2a - 375?
-346
In base 14, what is -a140 - -5?
-a139
In base 10, what is 2912443 + -1?
2912442
In base 12, what is -6b + -226?
-295
In base 11, what is -4851 + 9?
-4843
In base 14, what is 2 + 42780?
42782
In base 4, what is 32 - -111200?
111232
In base 15, what is -5c36 + -4?
-5c3a
In base 5, what is 33 - 133432?
-133344
In base 3, what is -10 + 2201011022?
2201011012
In base 10, what is -353 - 25241?
-25594
In base 15, what is -52d + -58?
-586
In base 13, what is c8896 + -5?
c8891
In base 12, what is 151 - 10a9?
-b58
In base 6, what is -134 - 145032?
-145210
In base 2, what is -11010010110 + -100010?
-11010111000
In base 11, what is -465 + -2838?
-31a2
In base 10, what is 132328 + 1?
132329
In base 7, what is -2261540 - 4?
-2261544
In base 11, what is -25 - 300?
-325
In base 16, what is -2 + -57d6?
-57d8
In base 12, what is 5 + 4800?
4805
In base 16, what is 1239 - 5e?
11db
In base 14, what is 8d8d8 + -2?
8d8d6
In base 2, what is -1000101111000100011110 + 100?
-1000101111000100011010
In base 8, what is 2 + -1403541?
-1403537
In base 16, what is -1d - b33?
-b50
In base 6, what is -253122 - -1?
-253121
In base 12, what is -6ab + -829?
-1318
In base 16, what is 375 + -43?
332
In base 7, what is -3 - -131046?
131043
In base 7, what is 352 - 62405?
-62023
In base 12, what is 4341 + -9?
4334
In base 8, what is 131561 + 5?
131566
In base 5, what is -1234200 - 1?
-1234201
In base 7, what is -5623 + 11?
-5612
In base 16, what is -17a + -56?
-1d0
In base 6, what is 4 - -404351?
404355
In base 14, what is 439b + -3?
4398
In base 8, what is -2 + 77261?
77257
In base 15, what is 1449b1 + 3?
1449b4
In base 16, what is 43 + -205?
-1c2
In base 14, what is 1034a6 + -1?
1034a5
In base 8, what is 241 + 17725?
20166
In base 6, what is 530 + -112354?
-111424
In base 7, what is 2430 - -61?
2521
In base 16, what is b - -4e71?
4e7c
In base 11, what is 1624 + -2124?
-600
In base 11, what is 8491a + -4?
84916
In base 4, what is 33 - 20023?
-13330
In base 16, what is -1a4 + -9f?
-243
In base 15, what is -1a + -4ea?
-515
In base 15, what is -6b + 1a?
-51
In base 4, what is 20120 + -10332?
3122